actors of m?
7, 71
Let i be (-2)/2*25/(-5). Suppose 3*v + i*k = 218, 0 = -4*k - 2 + 6. List the prime factors of v.
71
Let f = -46 + 44. Let q(u) = -20*u**3 + 3*u**2 + 5*u + 4. List the prime factors of q(f).
2, 83
Suppose 2*q + 156 = -w + 428, -3*w - 3*q = -816. What are the prime factors of w?
2, 17
Suppose -32*a + 7280 = -27*a. What are the prime factors of a?
2, 7, 13
Suppose -4*i - 4*t = -1196, 3*i - 3*t - 913 = 2*t. Let c = i + -161. List the prime factors of c.
2, 5, 7
Let m(x) = -7*x + 12*x - 2 + x**3 - 10 - 6*x**2. List the prime factors of m(7).
2, 3
Suppose 0 = 3*l + 5*p + 185, 0 = -3*l - 2*p + 6*p - 176. Let m = -12 - l. Suppose 0 - m = -3*i. List the prime factors of i.
2
Let w = 423 + -82. What are the prime factors of w?
11, 31
Let t = 73 - 53. Suppose 4*b - 328 = -u + 39, -t = 4*u. What are the prime factors of b?
3, 31
Suppose -81639 = 81*k - 128*k. List the prime factors of k.
3, 193
Suppose 0 = 5*c - 22 + 2. Suppose 3*u + 52 = -2*k + 3*k, -c*k + 201 = -5*u. What are the prime factors of k?
7
Suppose 0*o - 3*o + 9 = l, 0 = 2*l - 3*o. Let k be 148/l - 2/(-3). Let z = k - 22. What are the prime factors of z?
2, 7
Let t(p) = 723*p**2 - 2*p - 1. Let u be t(-1). Let i be (-10)/25 - u/(-10). Suppose 8*m - i = 4*m. List the prime factors of m.
2, 3
Suppose o = 4*a - 3083 + 763, -2*a + 5*o = -1142. Let d = a + -347. List the prime factors of d.
2, 3, 13
Let x = 28 - -99. Suppose -h + 18 = -x. List the prime factors of h.
5, 29
Let g be ((1 - -2) + -2)*0. Suppose 16*v - 14*v - 174 = g. List the prime factors of v.
3, 29
Let c = -11 + 167. Let w = c + -49. What are the prime factors of w?
107
Let m = -18 + 20. Suppose -m*r = -4*r + 14. What are the prime factors of r?
7
What are the prime factors of (12788 + 0 + -3)*6/15?
2, 2557
Suppose 0 = -5*g + 2*f - f + 337, 331 = 5*g + 2*f. Let o = -137 - -89. Let l = o + g. List the prime factors of l.
19
Suppose 3*f - 28 = 6*z - z, -3*f - 5*z = -68. Let q = f + -17. What are the prime factors of q*(-4)/(-6)*-27?
2, 3
Suppose 2*h = -4*h + 18. Suppose 0 = -4*f + 5*a + 92, h*f - 88 = -4*a + 3*a. List the prime factors of f.
2, 7
Let k = -12 - -4. Let v(d) = 2*d - 2. Let b be v(k). Let r = b - -37. What are the prime factors of r?
19
Suppose 846 = -44*o + 46*o. List the prime factors of o.
3, 47
Let v(w) = 84*w**2 - 8*w + 13. What are the prime factors of v(3)?
5, 149
Let v(c) = -2*c - 23. Let w be v(-14). Suppose -w*r = 3*k - 494, 0 = -2*k - r - 0*r + 327. What are the prime factors of k?
163
Suppose -3*u + 0*i - 2*i = -24, 0 = -4*u + 3*i + 15. Let p(f) = -70*f + 4. Let d be p(-2). Suppose -d - 48 = -u*j. List the prime factors of j.
2
Let u = -7 - -9. Suppose -4*z + u*z = 0. List the prime factors of 6*(9/3 + z).
2, 3
Let u be 4/(-8) + 1 + (-1)/2. Suppose u = -2*y + 7*y + g - 15, 2*g + 18 = 2*y. List the prime factors of y.
2
Let l(x) = -x**3 - 3*x**2 + 2*x + 11. Let h(p) = 9*p**2 - 7*p + 3. Let y be h(2). Suppose -11*f = -6*f + y. List the prime factors of l(f).
3, 17
Suppose 4*h - 2*t + 4*t + 2 = 0, 0 = 4*h + 3*t + 1. Let y be 3 + h/(0 + -1). Suppose b - z = 2*b - 11, y*b - 50 = -2*z. What are the prime factors of b?
2, 7
Let z be (-4)/8*1*-4. Let y be 20/(2/z - -1). Let g = 40 - y. What are the prime factors of g?
2, 3, 5
Let w = -17 + 22. Let v = 12 - w. Suppose -255 = -5*n - 5*a, -2*a - 59 = -n - v*a. What are the prime factors of n?
7
Suppose 4*d - 3*w - 3 = 6, -2*d + w = -3. Suppose 9 = -d*t + 2*t - v, -5*v - 9 = 2*t. Suppose t*c = 18 + 144. What are the prime factors of c?
2, 3
Let w = 21 - 9. List the prime factors of 268/w*9/3.
67
Let i(r) = 57*r - 3. Let u = -16 + 18. List the prime factors of i(u).
3, 37
List the prime factors of (-4 + -25 - 1)*(-50)/3.
2, 5
Suppose -4*k - 15066 = -5*q, -23*q + 24*q - 3022 = 3*k. What are the prime factors of q?
2, 5, 7, 43
Suppose 0*w - 21 = -3*t - 3*w, -5 = 5*w. What are the prime factors of (0 + 4/t)*24?
2, 3
Let t = 7 + -10. Let a(s) = -s. Let w(f) = -5*f - 4. Let r(j) = 4*a(j) + w(j). List the prime factors of r(t).
23
Let g = -26 + 29. Suppose 0 = g*s - s - 4*q - 88, 5*q = 5*s - 200. List the prime factors of s.
2, 3
What are the prime factors of (6 - -934) + (-2 - 2)?
2, 3, 13
Suppose 2*d - 6*l + 2*l = -48, -3*d + 4*l - 64 = 0. Let o(z) = -3*z - 31. List the prime factors of o(d).
17
Suppose -429 = -2*q + 3*j + 381, 5*j = 2*q - 814. Suppose -q = -4*b + 382. What are the prime factors of b?
2, 7
Let t = 173 + -283. Let a = -22 - t. List the prime factors of a.
2, 11
Let i = -27 + 14. Let l = -17 - i. Let n(w) = w**2 - 3. What are the prime factors of n(l)?
13
Let l be (-14)/(-6) + 1/(-3). Suppose 0 = -i - 33 + 33. Suppose i = -0*m - l*m + 26. What are the prime factors of m?
13
Let w(s) = 4*s - 24. Let z be w(7). Suppose -5*f + 406 = -5*b - 859, z*f = -4*b + 1004. What are the prime factors of f?
2, 3, 7
Let b(x) = x**2 + 12*x - 26. Let n be b(-14). Suppose -n*j = -16 - 170. List the prime factors of j.
3, 31
Suppose -4*w + 3*s - 14 = 0, -2*w + 7*w - 2*s + 14 = 0. Let r be (4/6)/(w/(-6)). What are the prime factors of -1 + r + 0 + 2?
3
Let h be (1/3)/(1/(-21)). Suppose -2*a - 22 = -k, -3*k + 65 = -2*a - 3*a. Let g = h + k. What are the prime factors of g?
13
Suppose f - 1204 = -z, -4*z - 5*f = -3*z - 1184. What are the prime factors of z?
3, 13, 31
Let o(n) = 14*n - 6 + 6 - n**2 - 4. Let r(k) = -k**3 + 10*k**2 - 10*k + 18. Let z be r(9). What are the prime factors of o(z)?
41
Let n(m) = -2*m**3 - m**2 + 2*m. Let s be n(-3). Let p = 67 - s. What are the prime factors of p?
2, 7
Let t(h) = -2*h + 14. Let f(g) = -4*g + 28. Let v(x) = 3*f(x) - 5*t(x). Let r be v(6). Suppose -22 = -5*i - r. What are the prime factors of i?
2
Suppose -2*j + 49 = -17. Let z = j - 23. List the prime factors of z.
2, 5
Suppose 4*r - 45 = r. Suppose 12*g - 17*g + r = 0. Suppose g*d + 9 = -x + 3, -x = -2*d - 19. What are the prime factors of x?
3
Let l = -68 - -64. Let f(a) = -a**3 - 3*a**2 - 6*a + 8. List the prime factors of f(l).
2, 3
Suppose b = 5, 7*r - 10*r = -3*b - 6711. What are the prime factors of r?
2, 19, 59
Suppose 10 = 5*k + a, 0*k - 3*a - 8 = -4*k. Suppose -168 = -7*r - 0*r. Suppose -22 - r = -k*s. What are the prime factors of s?
23
Let a(q) = 27*q - 5 + 2*q**2 - 14*q - 17*q. What are the prime factors of a(4)?
11
Let j = 220 + 402. List the prime factors of j.
2, 311
Let p(d) = d + 14. Let x be p(16). What are the prime factors of (28/(-20) - -3)*x?
2, 3
Let t = -1 - -5. Suppose i + 20 = -i + t*l, -5*l + 25 = 0. Suppose -2*g - 3*y + 12 = i, 2*y + 3*y = 3*g - 56. List the prime factors of g.
2, 3
Let g(i) = -i**3 + 35*i**2 - 102*i + 67. List the prime factors of g(30).
11, 137
Let z = 4 + -6. Let d = -18 + z. List the prime factors of (d/8 + -3)*-6.
3, 11
Let o(d) be the third derivative of -d**6/120 - d**5/40 - d**4/8 + 7*d**2. Let y(i) be the second derivative of o(i). What are the prime factors of y(-6)?
3, 11
Let g = -46 + 38. What are the prime factors of (g + 7)*(-127 - -1)?
2, 3, 7
Let j(u) = -4 + u**2 - 3*u + 2*u + 3*u + u. Let r be j(-4). Suppose -z + 21 = x - 2*z, r = 3*x + 3*z - 45. What are the prime factors of x?
2, 3
Let q(b) = 87*b + 97. List the prime factors of q(9).
2, 5, 11
Suppose 12 = 3*o - 0*o. Let c(i) = -9*i + 49. Let z be c(5). List the prime factors of (o - z) + (5 - 1).
2
Let q(w) = 10*w**2 - 10*w - 63. What are the prime factors of q(10)?
3, 31
Let o(u) = -3*u - 21. Let v be o(-9). Suppose 132 = v*f - 3*f. What are the prime factors of f?
2, 11
Let k be (-1 + (-3 - 0))*-2. Let i = k - 5. Suppose i*b - 17 = 22. What are the prime factors of b?
13
Let y = -339 - -652. Suppose 111 = 8*g - y. List the prime factors of g.
53
Let f be (1 + 0)*(4 + 593). Suppose 2*v = -v + f. What are the prime factors of v?
199
Suppose 20 = -2*h - 4*b, -4*h - 4*b - 40 = -b. Let l be (4/h)/((-5)/(-50)). What are the prime factors of (-28)/(-35)*(-50)/l?
2, 5
What are the prime factors of (2 - (-6 + 565/10))*-24?
2, 3, 97
List the prime factors of (99/(-27))/((-3)/333).
11, 37
What are the prime factors of (-748)/34*1*9/(-2)?
3, 11
List the prime factors of (-504)/7*(-1)/(-4)*-141.
2, 3, 47
Suppose 0 = -5*n + k + 40, 5*n - 20 = -3*k - 0*k. Suppose -4*w + 3*z + n = 0, 0*w + 2*w = -z + 11. Suppose -c = -0*c - w. List the prime factors of c.
2
Let l = 